{"id":16,"date":"2026-04-13T20:20:56","date_gmt":"2026-04-13T18:20:56","guid":{"rendered":"https:\/\/katarzynamatusz.pl\/?page_id=16"},"modified":"2026-04-13T23:43:00","modified_gmt":"2026-04-13T21:43:00","slug":"ksiazki","status":"publish","type":"page","link":"https:\/\/katarzynamatusz.pl\/?page_id=16","title":{"rendered":"Ksi\u0105\u017cki"},"content":{"rendered":"\n<ul style=\"font-size:16px\" class=\"wp-block-list\">\n<li style=\"font-size:15px\">Stanis\u0142aw Szlassa, Katarzyna Matusz&nbsp;<a href=\"https:\/\/bonito.pl\/produkt\/365-mysli-z-ktorymi-nie-musisz-sie-zgadzac\" target=\"_blank\" rel=\"noreferrer noopener\">\u201e365 my\u015bli, z kt\u00f3rymi nie musisz si\u0119 zgadza\u0107\u201d<\/a><\/li>\n\n\n\n<li style=\"font-size:15px\">Stanis\u0142aw Szlassa, Katarzyna Matusz&nbsp;<a href=\"https:\/\/bonito.pl\/produkt\/jak-chorowac-pytania-ktorych-sie-boimy\" target=\"_blank\" rel=\"noreferrer noopener\">\u201eJak chorowa\u0107? Pytania, kt\u00f3rych si\u0119 boimy\u201d<\/a><\/li>\n\n\n\n<li style=\"font-size:15px\">Stanis\u0142aw Szlassa, Katarzyna Matusz&nbsp;<a href=\"https:\/\/bonito.pl\/produkt\/kryzys-relacji-kryzys-wiary\" target=\"_blank\" rel=\"noreferrer noopener\">\u201eKryzys relacji. Kryzys wiary\u201d<\/a><\/li>\n\n\n\n<li style=\"font-size:15px\">Stanis\u0142aw Szlassa, Katarzyna Matusz&nbsp;<a href=\"https:\/\/bonito.pl\/produkt\/kobieta-ale-jaka?gclid=CjwKCAjwyY6pBhA9EiwAMzmfwTj1-vmS_EXcdtSuAB9mf7ub35MpN6xWQz4yt3LJCjNLcWwGPbdUrhoCeW4QAvD_BwE\" target=\"_blank\" rel=\"noreferrer noopener\">\u201eKobieta, ale jaka?\u201d<\/a><\/li>\n\n\n\n<li style=\"font-size:15px\">Stanis\u0142aw Szlassa, Katarzyna Matusz&nbsp;<a href=\"https:\/\/bonito.pl\/produkt\/mezczyzna-ale-jaki\" target=\"_blank\" rel=\"noreferrer noopener\">\u201eM\u0119\u017cczyzna, ale jaki?\u201d<\/a><\/li>\n\n\n\n<li style=\"font-size:15px\">Stanis\u0142aw Szlassa, Katarzyna Matusz&nbsp;<a href=\"https:\/\/bonito.pl\/produkt\/o-niektorych-lekach-osob-starszych\" target=\"_blank\" rel=\"noreferrer noopener\">\u201eO niekt\u00f3rych l\u0119kach w os\u00f3b starszych. Zanim p\u00f3jdziesz na terapi\u0119\u201d.<\/a><\/li>\n\n\n\n<li style=\"font-size:15px\">Stanis\u0142aw Szlassa, Katarzyna Matusz&nbsp;<a href=\"https:\/\/bonito.pl\/k-540851938-o-niektorych-lekach-w-relacjach\" target=\"_blank\" rel=\"noreferrer noopener\">\u201eO niekt\u00f3rych l\u0119kach w relacjach. Zanim p\u00f3jdziesz na terapi\u0119\u201d<\/a><\/li>\n\n\n\n<li style=\"font-size:15px\">Stanis\u0142aw Szlassa, Katarzyna Matusz&nbsp;<a href=\"https:\/\/bonito.pl\/k-295101078-o-niektorych-lekach-dzieci-i-nastolatkow\" target=\"_blank\" rel=\"noreferrer noopener\">\u201eO niekt\u00f3rych l\u0119kach dzieci i nastolatk\u00f3w. Zanim p\u00f3jdziesz na terapi\u0119<\/a><\/li>\n\n\n\n<li style=\"font-size:15px\">Stanis\u0142aw Szlassa, Katarzyna Matusz&nbsp;<a href=\"https:\/\/bonito.pl\/k-582136861-o-niektorych-lekach-mezczyzn-zanim-pojdziesz-na-terapie\" target=\"_blank\" rel=\"noreferrer noopener\">\u201eO niekt\u00f3rych l\u0119kach m\u0119\u017cczyzn. Zanim p\u00f3jdziesz na terapi\u0119\u201d<\/a><\/li>\n\n\n\n<li style=\"font-size:15px\">Stanis\u0142aw Szlassa, Katarzyna Matusz&nbsp;<a href=\"https:\/\/bonito.pl\/k-729989831-o-niektorych-lekach-kobiet\">\u201eO niekt\u00f3rych l\u0119kach kobiet. Zanim p\u00f3jdziesz na terapi\u0119<\/a><\/li>\n\n\n\n<li style=\"font-size:15px\">Agnieszka Surma, Katarzyna Matusz, <a href=\"https:\/\/bonito.pl\/produkt\/jak-poukladac-zdrowie\" type=\"link\" id=\"https:\/\/bonito.pl\/produkt\/jak-poukladac-zdrowie\">&#8222;Jak pouk\u0142ada\u0107 zdrowie&#8221;<\/a><\/li>\n\n\n\n<li style=\"font-size:15px\">Katarzyna Parafianowicz, Katarzyna Matusz, <a href=\"https:\/\/www.sercedziecka.org.pl\/katalog\/przewodnik\/Polaczylo-nas-serce_www.pdf\" type=\"link\" id=\"https:\/\/www.sercedziecka.org.pl\/katalog\/przewodnik\/Polaczylo-nas-serce_www.pdf\">&#8222;Po\u0142\u0105czy\u0142o nas serce&#8221;<\/a><\/li>\n<\/ul>\n\n\n\n<p><\/p>\n\n\n\n<p class=\"has-small-font-size\"><\/p>\n\n\n\n<p><\/p>\n","protected":false},"excerpt":{"rendered":"","protected":false},"author":1,"featured_media":0,"parent":0,"menu_order":0,"comment_status":"closed","ping_status":"closed","template":"","meta":{"footnotes":""},"class_list":["post-16","page","type-page","status-publish","hentry"],"yoast_head":"<!-- This site is optimized with the Yoast SEO plugin v27.4 - https:\/\/yoast.com\/product\/yoast-seo-wordpress\/ -->\n<title>Ksi\u0105\u017cki - Katarzyna Matusz<\/title>\n<meta name=\"robots\" content=\"index, follow, max-snippet:-1, max-image-preview:large, max-video-preview:-1\" \/>\n<link rel=\"canonical\" href=\"http:\/\/katarzynamatusz.pl\/?page_id=16\" \/>\n<meta property=\"og:locale\" content=\"pl_PL\" \/>\n<meta property=\"og:type\" content=\"article\" \/>\n<meta property=\"og:title\" content=\"Ksi\u0105\u017cki - Katarzyna Matusz\" \/>\n<meta property=\"og:url\" content=\"http:\/\/katarzynamatusz.pl\/?page_id=16\" \/>\n<meta property=\"og:site_name\" content=\"Katarzyna Matusz\" \/>\n<meta property=\"article:modified_time\" content=\"2026-04-13T21:43:00+00:00\" \/>\n<meta name=\"twitter:card\" content=\"summary_large_image\" \/>\n<meta name=\"twitter:label1\" content=\"Szacowany czas czytania\" \/>\n\t<meta name=\"twitter:data1\" content=\"1 minuta\" \/>\n<script type=\"application\/ld+json\" class=\"yoast-schema-graph\">{\"@context\":\"https:\\\/\\\/schema.org\",\"@graph\":[{\"@type\":\"WebPage\",\"@id\":\"http:\\\/\\\/katarzynamatusz.pl\\\/?page_id=16\",\"url\":\"http:\\\/\\\/katarzynamatusz.pl\\\/?page_id=16\",\"name\":\"Ksi\u0105\u017cki - Katarzyna Matusz\",\"isPartOf\":{\"@id\":\"http:\\\/\\\/katarzynamatusz.pl\\\/#website\"},\"datePublished\":\"2026-04-13T18:20:56+00:00\",\"dateModified\":\"2026-04-13T21:43:00+00:00\",\"breadcrumb\":{\"@id\":\"http:\\\/\\\/katarzynamatusz.pl\\\/?page_id=16#breadcrumb\"},\"inLanguage\":\"pl-PL\",\"potentialAction\":[{\"@type\":\"ReadAction\",\"target\":[\"http:\\\/\\\/katarzynamatusz.pl\\\/?page_id=16\"]}]},{\"@type\":\"BreadcrumbList\",\"@id\":\"http:\\\/\\\/katarzynamatusz.pl\\\/?page_id=16#breadcrumb\",\"itemListElement\":[{\"@type\":\"ListItem\",\"position\":1,\"name\":\"Home\",\"item\":\"http:\\\/\\\/katarzynamatusz.pl\\\/\"},{\"@type\":\"ListItem\",\"position\":2,\"name\":\"Ksi\u0105\u017cki\"}]},{\"@type\":\"WebSite\",\"@id\":\"http:\\\/\\\/katarzynamatusz.pl\\\/#website\",\"url\":\"http:\\\/\\\/katarzynamatusz.pl\\\/\",\"name\":\"Katarzyna Matusz\",\"description\":\"\",\"publisher\":{\"@id\":\"http:\\\/\\\/katarzynamatusz.pl\\\/#organization\"},\"potentialAction\":[{\"@type\":\"SearchAction\",\"target\":{\"@type\":\"EntryPoint\",\"urlTemplate\":\"http:\\\/\\\/katarzynamatusz.pl\\\/?s={search_term_string}\"},\"query-input\":{\"@type\":\"PropertyValueSpecification\",\"valueRequired\":true,\"valueName\":\"search_term_string\"}}],\"inLanguage\":\"pl-PL\"},{\"@type\":\"Organization\",\"@id\":\"http:\\\/\\\/katarzynamatusz.pl\\\/#organization\",\"name\":\"Katarzyna Matusz\",\"url\":\"http:\\\/\\\/katarzynamatusz.pl\\\/\",\"logo\":{\"@type\":\"ImageObject\",\"inLanguage\":\"pl-PL\",\"@id\":\"http:\\\/\\\/katarzynamatusz.pl\\\/#\\\/schema\\\/logo\\\/image\\\/\",\"url\":\"https:\\\/\\\/katarzynamatusz.pl\\\/wp-content\\\/uploads\\\/2026\\\/04\\\/cropped-cropped-400JpgdpiLogo-1-scaled-1-e1776166101623.jpg\",\"contentUrl\":\"https:\\\/\\\/katarzynamatusz.pl\\\/wp-content\\\/uploads\\\/2026\\\/04\\\/cropped-cropped-400JpgdpiLogo-1-scaled-1-e1776166101623.jpg\",\"width\":112,\"height\":112,\"caption\":\"Katarzyna Matusz\"},\"image\":{\"@id\":\"http:\\\/\\\/katarzynamatusz.pl\\\/#\\\/schema\\\/logo\\\/image\\\/\"}}]}<\/script>\n<!-- \/ Yoast SEO plugin. -->","yoast_head_json":{"title":"Ksi\u0105\u017cki - Katarzyna Matusz","robots":{"index":"index","follow":"follow","max-snippet":"max-snippet:-1","max-image-preview":"max-image-preview:large","max-video-preview":"max-video-preview:-1"},"canonical":"http:\/\/katarzynamatusz.pl\/?page_id=16","og_locale":"pl_PL","og_type":"article","og_title":"Ksi\u0105\u017cki - Katarzyna Matusz","og_url":"http:\/\/katarzynamatusz.pl\/?page_id=16","og_site_name":"Katarzyna Matusz","article_modified_time":"2026-04-13T21:43:00+00:00","twitter_card":"summary_large_image","twitter_misc":{"Szacowany czas czytania":"1 minuta"},"schema":{"@context":"https:\/\/schema.org","@graph":[{"@type":"WebPage","@id":"http:\/\/katarzynamatusz.pl\/?page_id=16","url":"http:\/\/katarzynamatusz.pl\/?page_id=16","name":"Ksi\u0105\u017cki - Katarzyna Matusz","isPartOf":{"@id":"http:\/\/katarzynamatusz.pl\/#website"},"datePublished":"2026-04-13T18:20:56+00:00","dateModified":"2026-04-13T21:43:00+00:00","breadcrumb":{"@id":"http:\/\/katarzynamatusz.pl\/?page_id=16#breadcrumb"},"inLanguage":"pl-PL","potentialAction":[{"@type":"ReadAction","target":["http:\/\/katarzynamatusz.pl\/?page_id=16"]}]},{"@type":"BreadcrumbList","@id":"http:\/\/katarzynamatusz.pl\/?page_id=16#breadcrumb","itemListElement":[{"@type":"ListItem","position":1,"name":"Home","item":"http:\/\/katarzynamatusz.pl\/"},{"@type":"ListItem","position":2,"name":"Ksi\u0105\u017cki"}]},{"@type":"WebSite","@id":"http:\/\/katarzynamatusz.pl\/#website","url":"http:\/\/katarzynamatusz.pl\/","name":"Katarzyna Matusz","description":"","publisher":{"@id":"http:\/\/katarzynamatusz.pl\/#organization"},"potentialAction":[{"@type":"SearchAction","target":{"@type":"EntryPoint","urlTemplate":"http:\/\/katarzynamatusz.pl\/?s={search_term_string}"},"query-input":{"@type":"PropertyValueSpecification","valueRequired":true,"valueName":"search_term_string"}}],"inLanguage":"pl-PL"},{"@type":"Organization","@id":"http:\/\/katarzynamatusz.pl\/#organization","name":"Katarzyna Matusz","url":"http:\/\/katarzynamatusz.pl\/","logo":{"@type":"ImageObject","inLanguage":"pl-PL","@id":"http:\/\/katarzynamatusz.pl\/#\/schema\/logo\/image\/","url":"https:\/\/katarzynamatusz.pl\/wp-content\/uploads\/2026\/04\/cropped-cropped-400JpgdpiLogo-1-scaled-1-e1776166101623.jpg","contentUrl":"https:\/\/katarzynamatusz.pl\/wp-content\/uploads\/2026\/04\/cropped-cropped-400JpgdpiLogo-1-scaled-1-e1776166101623.jpg","width":112,"height":112,"caption":"Katarzyna Matusz"},"image":{"@id":"http:\/\/katarzynamatusz.pl\/#\/schema\/logo\/image\/"}}]}},"_links":{"self":[{"href":"https:\/\/katarzynamatusz.pl\/index.php?rest_route=\/wp\/v2\/pages\/16","targetHints":{"allow":["GET"]}}],"collection":[{"href":"https:\/\/katarzynamatusz.pl\/index.php?rest_route=\/wp\/v2\/pages"}],"about":[{"href":"https:\/\/katarzynamatusz.pl\/index.php?rest_route=\/wp\/v2\/types\/page"}],"author":[{"embeddable":true,"href":"https:\/\/katarzynamatusz.pl\/index.php?rest_route=\/wp\/v2\/users\/1"}],"replies":[{"embeddable":true,"href":"https:\/\/katarzynamatusz.pl\/index.php?rest_route=%2Fwp%2Fv2%2Fcomments&post=16"}],"version-history":[{"count":8,"href":"https:\/\/katarzynamatusz.pl\/index.php?rest_route=\/wp\/v2\/pages\/16\/revisions"}],"predecessor-version":[{"id":115,"href":"https:\/\/katarzynamatusz.pl\/index.php?rest_route=\/wp\/v2\/pages\/16\/revisions\/115"}],"wp:attachment":[{"href":"https:\/\/katarzynamatusz.pl\/index.php?rest_route=%2Fwp%2Fv2%2Fmedia&parent=16"}],"curies":[{"name":"wp","href":"https:\/\/api.w.org\/{rel}","templated":true}]}}