{"id":11,"date":"2026-04-13T20:19:24","date_gmt":"2026-04-13T18:19:24","guid":{"rendered":"https:\/\/katarzynamatusz.pl\/?page_id=11"},"modified":"2026-04-15T21:04:48","modified_gmt":"2026-04-15T19:04:48","slug":"oferta","status":"publish","type":"page","link":"https:\/\/katarzynamatusz.pl\/?page_id=11","title":{"rendered":"Oferta"},"content":{"rendered":"\n<p class=\"has-medium-font-size\"><strong>Coaching kariery zawodowej<\/strong><\/p>\n\n\n\n<ul class=\"wp-block-list\">\n<li style=\"font-size:15px\">pomoc kobietom i m\u0119\u017cczyznom, kt\u00f3rzy planuj\u0105 zmian\u0119 \u015bcie\u017cki zawodowej<\/li>\n\n\n\n<li style=\"font-size:15px\">praca nad zdefiniowaniem cel\u00f3w zawodowych<\/li>\n\n\n\n<li style=\"font-size:15px\">wsparcie w poszukiwaniu nowej \u015bcie\u017cki zawodowej<\/li>\n\n\n\n<li style=\"font-size:15px\">praca nad przekonaniami i blokadami, kt\u00f3re hamuj\u0105 rozw\u00f3j zawodowy<\/li>\n\n\n\n<li style=\"font-size:15px\">poszukiwanie motywacji do dzia\u0142ania i rozwoju<\/li>\n\n\n\n<li style=\"font-size:15px\">planowanie rozwoju kompetencji zawodowych<\/li>\n\n\n\n<li style=\"font-size:15px\">przygotowanie do rozmowy kwalifikacyjnej<\/li>\n\n\n\n<li style=\"font-size:15px\">analiza i opracowanie materia\u0142\u00f3w aplikacyjnych (CV i list motywacyjny)<\/li>\n<\/ul>\n\n\n\n<p class=\"has-medium-font-size\"><strong>Coaching kobiet<\/strong><\/p>\n\n\n\n<ul class=\"wp-block-list\">\n<li style=\"font-size:15px\">wsparcie w rozwoju osobistym i zawodowym<\/li>\n\n\n\n<li style=\"font-size:15px\">praca nad poczuciem w\u0142asnej warto\u015bci<\/li>\n\n\n\n<li style=\"font-size:15px\">wyj\u015bcie z roli ratownika <\/li>\n\n\n\n<li style=\"font-size:15px\">rozw\u00f3j zawodowy i harmonia mi\u0119dzy \u017cyciem prywatnym, a prac\u0105<\/li>\n\n\n\n<li style=\"font-size:15px\">wsparcie w kryzysie: rozstanie, wypalenie<\/li>\n<\/ul>\n\n\n\n<p class=\"has-medium-font-size\"><strong>Coaching operacyjny <\/strong><\/p>\n\n\n\n<ul class=\"wp-block-list\">\n<li style=\"font-size:15px\">wsparcie klienta w realizacji bardzo konkretnych zada\u0144 i cel\u00f3w<\/li>\n\n\n\n<li style=\"font-size:15px\">dotyczy bie\u017c\u0105cych dzia\u0142a\u0144, codziennych obowi\u0105zk\u00f3w i strategii nakierowanych na rezultat<\/li>\n\n\n\n<li style=\"font-size:15px\">realizuje si\u0119 poprzez pomoc w zaplanowaniu kolejnych krok\u00f3w, wzmocnieniu motywacji i monitorowaniu post\u0119p\u00f3w<\/li>\n<\/ul>\n\n\n\n<p class=\"has-medium-font-size\"><strong>Coaching motywacyjny<\/strong><\/p>\n\n\n\n<ul class=\"wp-block-list\">\n<li style=\"font-size:15px\">odbudowa motywacji do dzia\u0142ania po do\u015bwiadczeniu pora\u017cki <\/li>\n\n\n\n<li style=\"font-size:15px\">zrozumienie w\u0142asnych blokad<\/li>\n\n\n\n<li style=\"font-size:15px\">poszukiwanie inspiracji<\/li>\n\n\n\n<li style=\"font-size:15px\">automotywacja<\/li>\n<\/ul>\n\n\n\n<p class=\"has-medium-font-size\"><strong>Coaching rozwoju osobistego<\/strong><\/p>\n\n\n\n<ul class=\"wp-block-list\">\n<li style=\"font-size:15px\">praca nad zarz\u0105dzaniem czasem<\/li>\n\n\n\n<li style=\"font-size:15px\">zmiana motywacji i nastawienia na osi\u0105ganie cel\u00f3w<\/li>\n\n\n\n<li style=\"font-size:15px\">pomoc w budowaniu pewno\u015bci siebie <\/li>\n\n\n\n<li style=\"font-size:15px\">wsparcie w rozwoju kariery\/przebran\u017cowieniu <\/li>\n<\/ul>\n\n\n\n<p class=\"has-medium-font-size\"><strong>Coaching to\u017csamo\u015bci, kryzys\u00f3w i l\u0119k\u00f3w<\/strong><\/p>\n\n\n\n<ul class=\"wp-block-list\">\n<li style=\"font-size:15px\">zmiana postrzegania siebie<\/li>\n\n\n\n<li style=\"font-size:15px\">praca z przekonaniami<\/li>\n\n\n\n<li style=\"font-size:15px\">praca nad mocnymi stronami <\/li>\n\n\n\n<li style=\"font-size:15px\">pos\u0142ugiwanie si\u0119 talentami <\/li>\n\n\n\n<li style=\"font-size:15px\">praca nad oswojeniem l\u0119ku przed przysz\u0142o\u015bci\u0105<\/li>\n<\/ul>\n\n\n\n<p class=\"has-medium-font-size\"><strong>Coaching medialny<\/strong><\/p>\n\n\n\n<ul class=\"wp-block-list\">\n<li style=\"font-size:15px\">poprawa umiej\u0119tno\u015bci komunikacyjnych w wyst\u0105pieniach medialnych<\/li>\n\n\n\n<li style=\"font-size:15px\">przygotowanie do konkretnego wyst\u0105pienia lub wywiadu<\/li>\n\n\n\n<li style=\"font-size:15px\">budowanie pewno\u015bci siebie przed mikrofonem czy kamer\u0105<\/li>\n<\/ul>\n\n\n\n<p class=\"has-medium-font-size\"><strong>Opinie moich klient\u00f3w<\/strong><\/p>\n\n\n\n<blockquote class=\"wp-block-quote is-layout-flow wp-block-quote-is-layout-flow\">\n<p style=\"font-size:15px\">Mia\u0142am okazj\u0119 skorzysta\u0107 z sesji coachingowej z Kasi\u0105 i bardzo si\u0119 ciesz\u0119, \u017ce to zrobi\u0142am! Znamy si\u0119 z czas\u00f3w, gdy pracowa\u0142y\u015bmy razem kilka lat temu, wi\u0119c kiedy dowiedzia\u0142am si\u0119, \u017ce teraz zajmuje si\u0119 coachingiem, pomy\u015bla\u0142am: czemu nie? Tym bardziej, \u017ce w\u0142a\u015bnie jestem na etapie planowania w\u0142asnego biznesu i w g\u0142owie mam mn\u00f3stwo pomys\u0142\u00f3w, ale te\u017c sporo w\u0105tpliwo\u015bci. Podczas spotkania Kasia pomog\u0142a mi uporz\u0105dkowa\u0107 my\u015bli, zada\u0142a kilka konkretnych pyta\u0144, kt\u00f3re otworzy\u0142y mi oczy na rzeczy, o kt\u00f3rych wcze\u015bniej nie my\u015bla\u0142am. Zmotywowa\u0142a mnie, podpowiedzia\u0142a, co mog\u0119 przemy\u015ble\u0107 i jak ruszy\u0107 dalej \u2013 bez presji, ale z now\u0105 energi\u0105. Bardzo doceniam jej spok\u00f3j, uwa\u017cno\u015b\u0107 i to, \u017ce naprawd\u0119 s\u0142ucha. Czu\u0107, \u017ce robi to, co kocha i \u017ce zale\u017cy jej na tym, \u017ceby realnie pom\u00f3c drugiej osobie. Dzi\u0119kuj\u0119, Kasiu, za to spotkanie \u2013 da\u0142o mi du\u017cy zastrzyk motywacji i nadziei, \u017ce mo\u017cna zacz\u0105\u0107 dzia\u0142a\u0107, nawet je\u015bli nie wszystko jeszcze jest perfekcyjnie zaplanowane.&nbsp;<strong>Katarzyna<\/strong><\/p>\n<\/blockquote>\n\n\n\n<blockquote class=\"wp-block-quote is-layout-flow wp-block-quote-is-layout-flow\">\n<p style=\"font-size:15px\">Rozmowa z Kasi\u0105 to nie tylko czas sp\u0119dzony w fantastycznej atmosferze, komfortowo i bezpiecznie ale olbrzymia inspiracja do konkretnego dzia\u0142ania, realne spojrzenie na moj\u0105 sytuacj\u0119, dostrze\u017cenie mo\u017cliwo\u015bci i zobaczenia w tym siebie. Bez tracenia czasu na sprawy, kt\u00f3re nie mi s\u0142u\u017c\u0105, tylko na kwestiach, nad kt\u00f3rymi mog\u0119 popracowa\u0107 i wprowadza\u0107. To by\u0142o konsekwentne poszukiwanie satysfakcjonuj\u0105cej drogi dla mnie samej ale i zwr\u00f3cenie uwagi kt\u00f3rymi swoimi talentami mog\u0119 obdarowywa\u0107 innych. Wsp\u00f3lnie sp\u0119dzony czas by\u0142 pasjonuj\u0105c\u0105 w\u0119dr\u00f3wk\u0105 po drogach mojego serca. To r\u00f3wnie\u017c niezwyk\u0142a uwa\u017cno\u015b\u0107 Kasi, ws\u0142uchiwanie si\u0119 w moje aktualne potrzeby i szukanie r\u00f3\u017cnych mo\u017cliwo\u015bci. U\u015bwiadomi\u0142am sobie, gdzie trac\u0119 energi\u0119 a kt\u00f3re dzia\u0142ania mnie karmi\u0105, wzmacniaj\u0105 i daj\u0105 rado\u015b\u0107. Obudzi\u0142a si\u0119 we mnie sprawczo\u015b\u0107 i nabra\u0142am wiatru w \u017cagle. Dzi\u0119kuj\u0105c Kasi za po\u015bwi\u0119cony czas, wierz\u0119, \u017ce po takiej konsultacji, ka\u017cdy otworzy si\u0119 na w\u0142asne poszukiwania odpowiedzi na pytanie \u201ePo co?\u201d.&nbsp;<strong>Iwona<\/strong><\/p>\n<\/blockquote>\n\n\n\n<blockquote class=\"wp-block-quote is-layout-flow wp-block-quote-is-layout-flow\">\n<p style=\"font-size:15px\">Z ca\u0142ego serca dzi\u0119kuj\u0119 Katarzynie za wyj\u0105tkowo profesjonalne i empatyczne doradztwo w zakresie rekrutacji. Jej szeroka wiedza, do\u015bwiadczenie oraz umiej\u0119tno\u015b\u0107 trafnego rozpoznania potrzeb zawodowych sprawi\u0142y, \u017ce poczu\u0142am si\u0119 pewniej i bardziej \u015bwiadomie podesz\u0142am do procesu poszukiwania pracy. Katarzyna potrafi s\u0142ucha\u0107, inspirowa\u0107 i konkretnie doradzi\u0107 \u2013 wszystko w atmosferze pe\u0142nego szacunku i wsparcia. To ekspertka z pasj\u0105, kt\u00f3rej pomoc by\u0142a dla mnie nieoceniona. Polecam z ca\u0142ym przekonaniem!&nbsp;<strong>Ewa<\/strong><\/p>\n<\/blockquote>\n\n\n\n<blockquote class=\"wp-block-quote is-layout-flow wp-block-quote-is-layout-flow\">\n<p style=\"font-size:15px\">Jest takie powiedzenie \u201ePrzyjaciele s\u0105 jak ciche anio\u0142y, kt\u00f3re podnosz\u0105 nas, kiedy nasze skrzyd\u0142a zapominaj\u0105, jak lata\u0107\u201d to najlepsze okre\u015blenie dla Kasi, kt\u00f3ra jako coach wspania\u0142e prowadzi do celu podczas spotka\u0144. Tak podnosi te skrzyd\u0142a, by sobie przypomnia\u0142y lub i na nowo nauczy\u0142y si\u0119 \u201ejak lata\u0107\u201d. Je\u015bli wahasz si\u0119 kogo wybra\u0107, to jeste\u015b we w\u0142a\u015bciwym miejscu, u w\u0142a\u015bciwej, warto\u015bciowej osoby, kt\u00f3ra pomo\u017ce Ci wypracowa\u0107 temat, aby osi\u0105gn\u0105\u0107 po\u017c\u0105dane cele. Sama najlepiej do\u015bwiadczy\u0142am tego, jak ze spotkania na spotkanie czu\u0142am, jak przy pomocy Kasi podnosi si\u0119 motywacja, si\u0142a, pomys\u0142y na realizacj\u0119 cel\u00f3w, za co jestem ogromnie wdzi\u0119czna. I wiem, \u017ce by\u0142o warto i \u017ce to wspania\u0142y czas, kt\u00f3ry przyni\u00f3s\u0142 wiele wspania\u0142ych rozwi\u0105za\u0144. Serdecznie polecam.&nbsp;<strong>Jadwiga<\/strong><\/p>\n<\/blockquote>\n\n\n\n<blockquote class=\"wp-block-quote is-layout-flow wp-block-quote-is-layout-flow\">\n<p style=\"font-size:15px\">Kasia jest niezwyk\u0142\u0105 kobiet\u0105 i coachem. By\u0142am ju\u017c na kilku coachingach i zdecydowanie ten polecam najbardziej. Kasia posiada niezwyk\u0142e umiej\u0119tno\u015b\u0107 s\u0142uchania, towarzyszenia i wychwytywania tego, co najlepsze w cz\u0142owieku. Znalezienie per\u0142y w drugim to nie lada wyzwanie. W coachingu bardzo podoba\u0142y mi si\u0119 konkrety i podsumowania mailowe po spotkaniach, bardzo precyzyjne daj\u0105ce powera do dzia\u0142ania. To nie by\u0142 standardowy coaching z produkcj\u0105 kolejnego ko\u0142a \u017cycia itd. tylko coaching szyty na moje potrzeby. Kasia jest \u015bwietn\u0105 motywatork\u0105. Mimo wyzwa\u0144 jakie niesie codzienne \u017cycie, pozostaje mi my\u015bl po coachingu: dzia\u0142amy! No i dzia\u0142amy, bo ja ju\u017c mam za sob\u0105 swoj\u0105 pierwsz\u0105 stylizacj\u0119 modow\u0105, kt\u00f3ra wypu\u015bci\u0142am w \u015bwiat, \u017ceby wnosi\u0107 do niego pi\u0119kno.&nbsp;<strong>Barbara<\/strong><\/p>\n<\/blockquote>\n\n\n\n<blockquote class=\"wp-block-quote is-layout-flow wp-block-quote-is-layout-flow\">\n<p style=\"font-size:15px\">Mia\u0142am ogromn\u0105 przyjemno\u015b\u0107 uczestniczy\u0107 w coachingu, prowadzonym przez Kasi\u0119. Spotkania w ramach zaj\u0119\u0107 odbywa\u0142y si\u0119 raz w tygodniu. Dzi\u0119ki temu pozna\u0142am Kasi\u0119 bli\u017cej i dowiedzia\u0142am si\u0119, \u017ce jest osob\u0105 wyj\u0105tkowo profesjonaln\u0105, taktown\u0105, sympatyczn\u0105 i u\u015bmiechni\u0119t\u0105. Ma ogromny dar s\u0142uchania i wyci\u0105gania trafnych wniosk\u00f3w. Dzi\u0119ki naszym rozmowom dowiedzia\u0142am si\u0119 o sobie wielu rzeczy. Poza tym, z pewnych spraw niby zdawa\u0142am sobie spraw\u0119, ale ich znaczenie naprawd\u0119 dotar\u0142o do mnie dopiero po wypowiedzeniu ich na g\u0142os. Kasia u\u015bwiadomi\u0142a mi, \u017ce wypowiedziane s\u0142owo ma znaczenie, szczeg\u00f3lnie to przekazuj\u0105ce nasze my\u015bli i opinie o nas samych. Bardzo dzi\u0119kuj\u0119 i jestem wdzi\u0119czna za ka\u017cd\u0105 minut\u0119 sp\u0119dzon\u0105 wsp\u00f3lnie z Kasi\u0105. Jest to wyj\u0105tkowa i szlachetna osoba, kt\u00f3ra wspiera i dobrymi oczami odnajduje w cz\u0142owieku to, co pi\u0119kne i warto\u015bciowe. Kasia jest jak wspania\u0142y kompan w podr\u00f3\u017cy, pomaga zdefiniowa\u0107 cele, a nast\u0119pnie wyrusza z Tob\u0105 w drog\u0119 i wiernie w niej towarzyszy.&nbsp;<strong>Karolina<\/strong><\/p>\n<\/blockquote>\n\n\n\n<blockquote class=\"wp-block-quote is-layout-flow wp-block-quote-is-layout-flow\">\n<p style=\"font-size:15px\">Coaching z Kasi\u0105, to niezwyk\u0142e i warto\u015bciowe do\u015bwiadczenie. Spotkania nie tylko pomog\u0142y mi doj\u015b\u0107 do podj\u0119cia wa\u017cnych decyzji, ale r\u00f3wnie\u017c da\u0142y wsparcie i si\u0142\u0119, by zrealizowa\u0107 swoje cele w pe\u0142ni \u015bwiadomie i z poczuciem wolno\u015bci. Dzi\u0119ki ogromnej empatii Kasi, m\u0105dro\u015bci i trafnym pytaniom odkry\u0142am swoje prawdziwe pragnienia oraz poczu\u0142am si\u0119 sprawcza i pewna siebie. Dodatkowo, inspiracja, kt\u00f3r\u0105 wynios\u0142am z naszych spotka\u0144, popycha mnie do odkrywania kolejnych \u015bcie\u017cek zawodowych. Polecam wsp\u00f3\u0142prac\u0119 z Kasi\u0105 ka\u017cdemu, kto szuka rozwoju, motywacji i przestrzeni do realizacji siebie.&nbsp;<strong>Izabela<\/strong><\/p>\n<\/blockquote>\n\n\n\n<blockquote class=\"wp-block-quote is-layout-flow wp-block-quote-is-layout-flow\">\n<p style=\"font-size:15px\">Pracowa\u0107 z Kasi\u0105 to wielka przyjemno\u015b\u0107. Przysz\u0142am bez wi\u0119kszego planu, tylko z marzeniem, kt\u00f3re ma by\u0107 cz\u0119\u015bci\u0105 mojego \u017cycia w przysz\u0142o\u015bci. Krok po kroku opracowa\u0142y\u015bmy plan, z du\u017c\u0105 doz\u0105 cierpliwo\u015bci, wsparcia i zrozumienia. Dzi\u0119ki Kasi dalej pod\u0105\u017cam za marzeniami, ju\u017c teraz celami i wiem kt\u00f3r\u0119dy i\u015b\u0107!&nbsp;Moja droga raczej nale\u017cy do tych wyboistych, a ja do tych chaotycznych. A Kasia pi\u0119knie wydobywa\u0142a ze mnie moje potencja\u0142y. Moje \u201eproblemy\u201d zacz\u0119\u0142y by\u0107 wyzwaniami do osi\u0105gni\u0119cia, a nie znakami stop na drodze do celu. Kasia podczas coachingu ma te\u017c w sobie du\u017co delikatno\u015bci, taktu i empatii.&nbsp;<strong>Daria<\/strong><\/p>\n<\/blockquote>\n\n\n\n<blockquote class=\"wp-block-quote is-layout-flow wp-block-quote-is-layout-flow\">\n<p style=\"font-size:15px\">Z Kasi\u0105 mia\u0142am sze\u015b\u0107 spotka\u0144. Jest osob\u0105, kt\u00f3ra potrafi s\u0142ucha\u0107, dotrzymywa\u0107 tempa klientowi, a wtedy kiedy trzeba, da\u0107 odpowiednie narz\u0119dzia, zach\u0119t\u0119 do podejmowania dzia\u0142a\u0144 w codzienno\u015bci. Dla mnie wa\u017cn\u0105 przestrzeni\u0105 by\u0142a te\u017c etyczna postawa Kasi, umiej\u0119tno\u015b\u0107 s\u0142uchania, taktowno\u015b\u0107, autentyczno\u015b\u0107, otwarto\u015b\u0107, motywowanie do dzia\u0142ania, ch\u0119\u0107 pomocy i trafne wnioski. Nie pozostaje mi nic innego jak podejmowa\u0107 dzia\u0142ania w codzienno\u015bci, kt\u00f3re zosta\u0142y ugruntowane dzi\u0119ki spotkaniom z Kasi\u0105. Zach\u0119cam do wsp\u00f3\u0142pracy z ni\u0105.&nbsp;<strong>Anna<\/strong><\/p>\n<\/blockquote>\n\n\n\n<blockquote class=\"wp-block-quote is-layout-flow wp-block-quote-is-layout-flow\">\n<p style=\"font-size:15px\">Wsp\u00f3\u0142pracowa\u0142am z Kasi\u0105 przez rok, wielokrotnie z zaanga\u017cowaniem pomaga\u0142a mi w tworzeniu materia\u0142\u00f3w promuj\u0105cych moj\u0105 mark\u0119 osobist\u0105. Pomaga\u0142a i wspiera\u0142a mnie w rozpocz\u0119ciu projektu dla mieszkanek mojego miasta. Bardzo polecam wsp\u00f3\u0142prac\u0119 z Kasi\u0105.&nbsp;<strong>Katarzyna<\/strong><\/p>\n<\/blockquote>\n\n\n\n<p style=\"font-size:16px\"><a href=\"https:\/\/katarzynamatusz.pl\/?page_id=9\">W celu um\u00f3wienia konsultacji \u2013 prosz\u0119 o kontakt<\/a><\/p>\n\n\n\n<p><\/p>\n","protected":false},"excerpt":{"rendered":"<p>Coaching kariery zawodowej Coaching kobiet Coaching operacyjny Coaching motywacyjny Coaching rozwoju osobistego Coaching to\u017csamo\u015bci, kryzys\u00f3w i l\u0119k\u00f3w Coaching medialny Opinie moich klient\u00f3w Mia\u0142am okazj\u0119 skorzysta\u0107 z sesji coachingowej z Kasi\u0105 i bardzo si\u0119 ciesz\u0119, \u017ce to zrobi\u0142am! Znamy si\u0119 z&#8230; <a href=\"https:\/\/katarzynamatusz.pl\/?page_id=11\" class=\"readmore\">Dowiedz si\u0119 wi\u0119cej<span class=\"screen-reader-text\">Oferta<\/span><span class=\"fa fa-angle-double-right\" aria-hidden=\"true\"><\/span><\/a><\/p>\n","protected":false},"author":1,"featured_media":0,"parent":0,"menu_order":0,"comment_status":"closed","ping_status":"closed","template":"","meta":{"footnotes":""},"class_list":["post-11","page","type-page","status-publish","hentry"],"yoast_head":"<!-- This site is optimized with the Yoast SEO plugin v27.4 - https:\/\/yoast.com\/product\/yoast-seo-wordpress\/ -->\n<title>Oferta - Katarzyna Matusz<\/title>\n<meta name=\"robots\" content=\"index, follow, max-snippet:-1, max-image-preview:large, max-video-preview:-1\" \/>\n<link rel=\"canonical\" href=\"http:\/\/katarzynamatusz.pl\/?page_id=11\" \/>\n<meta property=\"og:locale\" content=\"pl_PL\" \/>\n<meta property=\"og:type\" content=\"article\" \/>\n<meta property=\"og:title\" content=\"Oferta - Katarzyna Matusz\" \/>\n<meta property=\"og:description\" content=\"Coaching kariery zawodowej Coaching kobiet Coaching operacyjny Coaching motywacyjny Coaching rozwoju osobistego Coaching to\u017csamo\u015bci, kryzys\u00f3w i l\u0119k\u00f3w Coaching medialny Opinie moich klient\u00f3w Mia\u0142am okazj\u0119 skorzysta\u0107 z sesji coachingowej z Kasi\u0105 i bardzo si\u0119 ciesz\u0119, \u017ce to zrobi\u0142am! Znamy si\u0119 z... Dowiedz si\u0119 wi\u0119cejOferta\" \/>\n<meta property=\"og:url\" content=\"http:\/\/katarzynamatusz.pl\/?page_id=11\" \/>\n<meta property=\"og:site_name\" content=\"Katarzyna Matusz\" \/>\n<meta property=\"article:modified_time\" content=\"2026-04-15T19:04:48+00:00\" \/>\n<meta name=\"twitter:card\" content=\"summary_large_image\" \/>\n<meta name=\"twitter:label1\" content=\"Szacowany czas czytania\" \/>\n\t<meta name=\"twitter:data1\" content=\"2 minuty\" \/>\n<script type=\"application\/ld+json\" class=\"yoast-schema-graph\">{\"@context\":\"https:\\\/\\\/schema.org\",\"@graph\":[{\"@type\":\"WebPage\",\"@id\":\"http:\\\/\\\/katarzynamatusz.pl\\\/?page_id=11\",\"url\":\"http:\\\/\\\/katarzynamatusz.pl\\\/?page_id=11\",\"name\":\"Oferta - Katarzyna Matusz\",\"isPartOf\":{\"@id\":\"http:\\\/\\\/katarzynamatusz.pl\\\/#website\"},\"datePublished\":\"2026-04-13T18:19:24+00:00\",\"dateModified\":\"2026-04-15T19:04:48+00:00\",\"breadcrumb\":{\"@id\":\"http:\\\/\\\/katarzynamatusz.pl\\\/?page_id=11#breadcrumb\"},\"inLanguage\":\"pl-PL\",\"potentialAction\":[{\"@type\":\"ReadAction\",\"target\":[\"http:\\\/\\\/katarzynamatusz.pl\\\/?page_id=11\"]}]},{\"@type\":\"BreadcrumbList\",\"@id\":\"http:\\\/\\\/katarzynamatusz.pl\\\/?page_id=11#breadcrumb\",\"itemListElement\":[{\"@type\":\"ListItem\",\"position\":1,\"name\":\"Home\",\"item\":\"http:\\\/\\\/katarzynamatusz.pl\\\/\"},{\"@type\":\"ListItem\",\"position\":2,\"name\":\"Oferta\"}]},{\"@type\":\"WebSite\",\"@id\":\"http:\\\/\\\/katarzynamatusz.pl\\\/#website\",\"url\":\"http:\\\/\\\/katarzynamatusz.pl\\\/\",\"name\":\"Katarzyna Matusz\",\"description\":\"\",\"publisher\":{\"@id\":\"http:\\\/\\\/katarzynamatusz.pl\\\/#organization\"},\"potentialAction\":[{\"@type\":\"SearchAction\",\"target\":{\"@type\":\"EntryPoint\",\"urlTemplate\":\"http:\\\/\\\/katarzynamatusz.pl\\\/?s={search_term_string}\"},\"query-input\":{\"@type\":\"PropertyValueSpecification\",\"valueRequired\":true,\"valueName\":\"search_term_string\"}}],\"inLanguage\":\"pl-PL\"},{\"@type\":\"Organization\",\"@id\":\"http:\\\/\\\/katarzynamatusz.pl\\\/#organization\",\"name\":\"Katarzyna Matusz\",\"url\":\"http:\\\/\\\/katarzynamatusz.pl\\\/\",\"logo\":{\"@type\":\"ImageObject\",\"inLanguage\":\"pl-PL\",\"@id\":\"http:\\\/\\\/katarzynamatusz.pl\\\/#\\\/schema\\\/logo\\\/image\\\/\",\"url\":\"https:\\\/\\\/katarzynamatusz.pl\\\/wp-content\\\/uploads\\\/2026\\\/04\\\/cropped-cropped-400JpgdpiLogo-1-scaled-1-e1776166101623.jpg\",\"contentUrl\":\"https:\\\/\\\/katarzynamatusz.pl\\\/wp-content\\\/uploads\\\/2026\\\/04\\\/cropped-cropped-400JpgdpiLogo-1-scaled-1-e1776166101623.jpg\",\"width\":112,\"height\":112,\"caption\":\"Katarzyna Matusz\"},\"image\":{\"@id\":\"http:\\\/\\\/katarzynamatusz.pl\\\/#\\\/schema\\\/logo\\\/image\\\/\"}}]}<\/script>\n<!-- \/ Yoast SEO plugin. -->","yoast_head_json":{"title":"Oferta - Katarzyna Matusz","robots":{"index":"index","follow":"follow","max-snippet":"max-snippet:-1","max-image-preview":"max-image-preview:large","max-video-preview":"max-video-preview:-1"},"canonical":"http:\/\/katarzynamatusz.pl\/?page_id=11","og_locale":"pl_PL","og_type":"article","og_title":"Oferta - Katarzyna Matusz","og_description":"Coaching kariery zawodowej Coaching kobiet Coaching operacyjny Coaching motywacyjny Coaching rozwoju osobistego Coaching to\u017csamo\u015bci, kryzys\u00f3w i l\u0119k\u00f3w Coaching medialny Opinie moich klient\u00f3w Mia\u0142am okazj\u0119 skorzysta\u0107 z sesji coachingowej z Kasi\u0105 i bardzo si\u0119 ciesz\u0119, \u017ce to zrobi\u0142am! Znamy si\u0119 z... Dowiedz si\u0119 wi\u0119cejOferta","og_url":"http:\/\/katarzynamatusz.pl\/?page_id=11","og_site_name":"Katarzyna Matusz","article_modified_time":"2026-04-15T19:04:48+00:00","twitter_card":"summary_large_image","twitter_misc":{"Szacowany czas czytania":"2 minuty"},"schema":{"@context":"https:\/\/schema.org","@graph":[{"@type":"WebPage","@id":"http:\/\/katarzynamatusz.pl\/?page_id=11","url":"http:\/\/katarzynamatusz.pl\/?page_id=11","name":"Oferta - Katarzyna Matusz","isPartOf":{"@id":"http:\/\/katarzynamatusz.pl\/#website"},"datePublished":"2026-04-13T18:19:24+00:00","dateModified":"2026-04-15T19:04:48+00:00","breadcrumb":{"@id":"http:\/\/katarzynamatusz.pl\/?page_id=11#breadcrumb"},"inLanguage":"pl-PL","potentialAction":[{"@type":"ReadAction","target":["http:\/\/katarzynamatusz.pl\/?page_id=11"]}]},{"@type":"BreadcrumbList","@id":"http:\/\/katarzynamatusz.pl\/?page_id=11#breadcrumb","itemListElement":[{"@type":"ListItem","position":1,"name":"Home","item":"http:\/\/katarzynamatusz.pl\/"},{"@type":"ListItem","position":2,"name":"Oferta"}]},{"@type":"WebSite","@id":"http:\/\/katarzynamatusz.pl\/#website","url":"http:\/\/katarzynamatusz.pl\/","name":"Katarzyna Matusz","description":"","publisher":{"@id":"http:\/\/katarzynamatusz.pl\/#organization"},"potentialAction":[{"@type":"SearchAction","target":{"@type":"EntryPoint","urlTemplate":"http:\/\/katarzynamatusz.pl\/?s={search_term_string}"},"query-input":{"@type":"PropertyValueSpecification","valueRequired":true,"valueName":"search_term_string"}}],"inLanguage":"pl-PL"},{"@type":"Organization","@id":"http:\/\/katarzynamatusz.pl\/#organization","name":"Katarzyna Matusz","url":"http:\/\/katarzynamatusz.pl\/","logo":{"@type":"ImageObject","inLanguage":"pl-PL","@id":"http:\/\/katarzynamatusz.pl\/#\/schema\/logo\/image\/","url":"https:\/\/katarzynamatusz.pl\/wp-content\/uploads\/2026\/04\/cropped-cropped-400JpgdpiLogo-1-scaled-1-e1776166101623.jpg","contentUrl":"https:\/\/katarzynamatusz.pl\/wp-content\/uploads\/2026\/04\/cropped-cropped-400JpgdpiLogo-1-scaled-1-e1776166101623.jpg","width":112,"height":112,"caption":"Katarzyna Matusz"},"image":{"@id":"http:\/\/katarzynamatusz.pl\/#\/schema\/logo\/image\/"}}]}},"_links":{"self":[{"href":"https:\/\/katarzynamatusz.pl\/index.php?rest_route=\/wp\/v2\/pages\/11","targetHints":{"allow":["GET"]}}],"collection":[{"href":"https:\/\/katarzynamatusz.pl\/index.php?rest_route=\/wp\/v2\/pages"}],"about":[{"href":"https:\/\/katarzynamatusz.pl\/index.php?rest_route=\/wp\/v2\/types\/page"}],"author":[{"embeddable":true,"href":"https:\/\/katarzynamatusz.pl\/index.php?rest_route=\/wp\/v2\/users\/1"}],"replies":[{"embeddable":true,"href":"https:\/\/katarzynamatusz.pl\/index.php?rest_route=%2Fwp%2Fv2%2Fcomments&post=11"}],"version-history":[{"count":18,"href":"https:\/\/katarzynamatusz.pl\/index.php?rest_route=\/wp\/v2\/pages\/11\/revisions"}],"predecessor-version":[{"id":164,"href":"https:\/\/katarzynamatusz.pl\/index.php?rest_route=\/wp\/v2\/pages\/11\/revisions\/164"}],"wp:attachment":[{"href":"https:\/\/katarzynamatusz.pl\/index.php?rest_route=%2Fwp%2Fv2%2Fmedia&parent=11"}],"curies":[{"name":"wp","href":"https:\/\/api.w.org\/{rel}","templated":true}]}}